6219?
False
Does 1562 divide 14398001?
False
Does 312 divide 27253200?
True
Is 45 a factor of 48159045?
True
Does 1537 divide 159409456?
False
Is 422 a factor of 1181997536?
False
Is 14 a factor of 137298462?
True
Is 2242 a factor of 69968336?
True
Does 169 divide 380682565?
False
Does 1161 divide 17121871?
False
Is 1371488440 a multiple of 2408?
True
Is 23754328 a multiple of 284?
True
Is 1402 a factor of 2772861154?
False
Is 4874 a factor of 1492195789?
False
Is 3205 a factor of 1206448484?
False
Does 18 divide 367243608?
False
Is 46158900 a multiple of 3678?
True
Is 3 a factor of 34137830?
False
Does 83 divide 40874815?
False
Does 509 divide 363589389?
True
Is 13 a factor of 20551271?
True
Is 215608668 a multiple of 1804?
True
Does 9 divide 30775207?
False
Is 118 a factor of 58630887?
False
Does 38 divide 18384970?
True
Does 30 divide 169359357?
False
Is 360 a factor of 5214682?
False
Does 10 divide 73744536?
False
Does 231 divide 19457361?
True
Is 625 a factor of 735036250?
True
Does 66 divide 31464774?
True
Is 18 a factor of 13562027?
False
Does 1074 divide 109682556?
False
Does 307 divide 423061194?
False
Does 819 divide 55507749?
False
Is 11 a factor of 345796?
True
Is 63511832 a multiple of 74?
True
Is 1381195818 a multiple of 174?
True
Does 18 divide 23540130?
True
Does 9 divide 310035159?
True
Does 127 divide 19320244?
False
Is 26 a factor of 538949775?
False
Is 229810430 a multiple of 10?
True
Does 232 divide 329607940?
False
Is 17 a factor of 614831248?
True
Does 1564 divide 357382460?
False
Is 1990043860 a multiple of 140?
True
Does 15 divide 9309910?
False
Is 65989253 a multiple of 85?
False
Is 78 a factor of 93296980?
False
Is 87 a factor of 25922955?
True
Is 104880635 a multiple of 13?
False
Does 1141 divide 412436575?
False
Does 54 divide 190335582?
True
Is 664743575 a multiple of 25?
True
Is 1056062870 a multiple of 14?
False
Is 8073 a factor of 265631213?
False
Is 470034513 a multiple of 1989?
True
Is 4761250 a multiple of 3?
False
Is 213 a factor of 10167549?
False
Is 1028 a factor of 2214731505?
False
Is 3486 a factor of 34117482?
True
Is 493257625 a multiple of 35?
True
Is 24025059 a multiple of 1431?
True
Does 137 divide 18214953?
False
Is 317785776 a multiple of 1176?
True
Does 157 divide 37296606?
True
Does 10 divide 21758070?
True
Does 10 divide 831109590?
True
Is 8524684 a multiple of 2357?
False
Is 665621889 a multiple of 8227?
True
Does 272 divide 38074016?
True
Is 5 a factor of 27365?
True
Is 341 a factor of 8107708?
False
Is 804952264 a multiple of 55?
False
Is 3935096585 a multiple of 659?
True
Does 48 divide 195898894?
False
Does 420 divide 24129283?
False
Is 20827340 a multiple of 3?
False
Is 134055964 a multiple of 39?
False
Is 21770948 a multiple of 36?
False
Does 109 divide 1424754696?
True
Is 6825945 a multiple of 16?
False
Is 50832320 a multiple of 440?
True
Is 177328995 a multiple of 95?
True
Does 3571 divide 129027978?
False
Does 4 divide 8372468?
True
Is 520 a factor of 146097050?
False
Does 5 divide 550118190?
True
Is 609 a factor of 174576549?
True
Is 4282 a factor of 7724728?
True
Does 7 divide 254460705?
False
Is 139 a factor of 148738479?
True
Does 193 divide 196717659?
False
Is 26515400 a multiple of 50?
True
Does 28 divide 18338564?
False
Is 1728 a factor of 468350208?
True
Does 1001 divide 69048057?
False
Does 485 divide 26404611?
False
Is 162926773 a multiple of 373?
True
Does 725 divide 7265612368?
False
Is 32 a factor of 30066784?
True
Is 344634266 even?
True
Does 35 divide 1738586570?
True
Does 446 divide 56237043?
False
Is 233 a factor of 145733086?
False
Does 1318 divide 35671670?
True
Is 5762 a factor of 2790444408?
True
Is 98 a factor of 59478944?
True
Is 1406 a factor of 116601349?
False
Is 64463739 a multiple of 32?
False
Does 12 divide 7263948?
True
Is 29 a factor of 356321318?
True
Is 826 a factor of 75563306?
True
Is 7 a factor of 152282942?
True
Does 174 divide 6267132?
True
Is 718130644 a multiple of 44?
True
Does 2 divide 14075798?
True
Is 844 a factor of 323189508?
False
Does 2 divide 4276858?
True
Does 2302 divide 941048392?
True
Does 115 divide 224607519?
False
Is 2652015200 a multiple of 32?
True
Does 4960 divide 105375200?
True
Is 14 a factor of 1277950576?
True
Is 45561300 a multiple of 50?
True
Does 18 divide 43803351?
False
Is 1281 a factor of 612160757?
False
Is 29 a factor of 20254169?
False
Is 283 a factor of 12389285?
False
Does 5 divide 532261315?
True
Is 21138941 a multiple of 29?
True
Is 75449420 a multiple of 1251?
False
Is 197077484 a multiple of 4147?
False
Is 885 a factor of 11199675?
True
Is 57047172 a multiple of 588?
True
Does 1021 divide 1710182716?
False
Does 252 divide 4063184?
False
Does 142 divide 674023706?
False
Is 13 a factor of 50399771?
False
Does 349 divide 143668310?
False
Does 3732 divide 62619228?
True
Is 1619133008 a multiple of 47?
False
Does 22 divide 1944659010?
False
Is 174 a factor of 10318716?
False
Does 906 divide 149928504?
True
Does 26 divide 121055293?
False
Is 18645783 a multiple of 53?
False
Is 986518 a multiple of 26?
True
Is 439439232 a multiple of 471?
True
Is 126 a factor of 37046268?
True
Does 75 divide 1346479650?
True
Does 154 divide 169305752?
True
Does 1771 divide 394242310?
True
Is 24 a factor of 63366024?
True
Is 61115728 a multiple of 172?
True
Is 332 a factor of 849073732?
True
Is 1250752300 a multiple of 269?
False
Does 4 divide 10724844?
True
Is 173 a factor of 4833234944?
False
Is 3613 a factor of 297496972?
False
Does 478 divide 279304756?
False
Is 1458 a factor of 1224512622?
False
Is 783 a factor of 1038505354?
False
Is 75864415 a multiple of 635?
False
Is 77102237 a multiple of 2?
False
Does 124 divide 49058988?
True
Is 30474795 a multiple of 15?
True
Does 124 divide 1767620?
True
Does 28 divide 3823689063?
False
Is 4833 a factor of 193774302?
True
Is 41285445 a multiple of 415?
True
Is 120 a factor of 293362320?
True
Is 582701768 a multiple of 106?
False
Does 2651 divide 195117410?
False
Does 5774 divide 545751589?
False
Does 22 divide 104361572?
False
Is 167 a factor of 418775547?
False
Is 62286760 a multiple of 1904?
False
Does 7 divide 1628532994?
False
Is 254757084 a multiple of 3?
True
Is 1003088489 a multiple of 4144?
False
Is 3572 a factor of 149426521?
False
Is 23266516 a multiple of 1148?
True
Does 8 divide 6521016?
True
Does 14 divide 104455960?
True
Does 65 divide 170550705?
True
Is 16 a factor of 63836912?
True
Does 6046 divide 270339031?
False
Is 121 a factor of 5371299021?
True
Is 16 a factor of 324425323?
False
Does 327 divide 111254378?
False
Is 27693556 a multiple of 353?
True
Does 9 divide 87844009?
False
Does 360 divide 861265557?
False
Is 507361666 a multiple of 58?
False
Is 751296 a multiple of 19?
False
Does 11 divide 3379079147?
False
Is 6 a factor of 47957098?
False
Is 5967 a factor of 384370272?
True
Does 34 divide 3678735611?
False
Is 14 a factor of 2249648422?
True
Is 494802084 a multiple of 181?
False
Is 11926272 a multiple of 53?
True
Is 2889 a factor of 146206512?
True
Does 12 divide 3060990697?
False
Is 662700 a multiple of 564?
True
Does 31 divide 3359628379?
True
Does 949 divide 11040544?
False
Does 1578 divide 384268047?
False
Is 1041 a factor of 1682017217?
False
Is 39 a factor of 7604142?
True
Does 3128 divide 439021056?
True
Is 235739241 a multiple of 537?
True
Does 13 divide 6855900155?
True
Does 19 divide 22370094?
False
Is 332 a factor of 693563272?
True
Is 15 a factor of 51811142?
False
Is 132 a factor of 2359551744?
True
Is 1613862 a multiple of 50?
False
Is 36 a factor of 294821604?
True
Is 93 a factor of 308398137?
True
Is 13 a factor of 18434481?
True
Does 4658 divide 2146579612?
False
Does 306 divide 28746691?
False
Is 104990224 a multiple of 548?
True
Does 3412 divide 651688588?
True
Does 10 divide 683126300?
True
Is 86 a factor of 963533151?
False
Is 3541 a factor of 378699327?
True
Is 9015540 a multiple of 46?
True
Does 2406 divide 1009552788?
True
Does 153 divide 2583474455?
False
Does 16 divide 135769802?
False
Is 1986270579 a multiple of 43?
False
Is 187629760 a multiple of 40?
True
Does 658 divide 19998594?
True
Is 5760 a factor of 513019563?
False
Is 4 a factor of 54125719?
False
Is 29 a factor of 22758243?
True
Is 8644 a factor of 4711027539?
False
Is